{"id":74,"date":"2025-02-23T01:25:41","date_gmt":"2025-02-23T01:25:41","guid":{"rendered":"https:\/\/fifimex.cc\/?page_id=74"},"modified":"2025-02-23T01:25:41","modified_gmt":"2025-02-23T01:25:41","slug":"metatags2","status":"publish","type":"page","link":"https:\/\/fifimex.cc\/index.php\/metatags2\/","title":{"rendered":"metatags2"},"content":{"rendered":"<p>Cumbres, Cumbres Nuevo Le\u00f3n, Monterrey, Nuevo Le\u00f3n, zona Cumbres, colonia Cumbres, sector Cumbres, fraccionamiento Cumbres, Cumbres Elite, Cumbres Elite Premier, Cumbres Oro, Cumbres Platino, Cumbres 1er sector, Cumbres 2do sector, Cumbres 3er sector, Cumbres 4to sector, Cumbres 5to sector, Cumbres 6to sector, Cumbres 7mo sector, Cumbres Allegro, Cumbres Madeira, Cumbres Andara, Cumbres Providencia, Cumbres San Agust\u00edn, Cumbres Allegra, Cumbres Santoral, Cumbres Contry, Cumbres Premier, Cumbres Renacimiento, Cumbres La Rioja, Cumbres Valle, Cumbres Las Palmas, Cumbres del Sol, Cumbres del Sur, Cumbres del Norte, Cumbres Residencial, Cumbres Privadas, Cumbres La Joya, Cumbres Miravista, Cumbres Montenova, Cumbres San Patricio, Cumbres Verona, Cumbres del Lago, Cumbres Las Lomas, Cumbres Allegra Premier, Cumbres Madeira Residencial, Cumbres Elite Villas, Cumbres Elite Privada, casas en Cumbres, departamentos en Cumbres, bienes ra\u00edces Cumbres, renta en Cumbres, venta de casas en Cumbres, desarrollos en Cumbres, inmobiliaria en Cumbres, plusval\u00eda en Cumbres, inversi\u00f3n en Cumbres, seguridad en Cumbres, escuelas en Cumbres, colegios en Cumbres, universidades en Cumbres, educaci\u00f3n en Cumbres, hospitales en Cumbres, cl\u00ednicas en Cumbres, salud en Cumbres, farmacias en Cumbres, centros comerciales en Cumbres, tiendas en Cumbres, supermercados en Cumbres, Soriana Cumbres, HEB Cumbres, Walmart Cumbres, Costco Cumbres, Sam\u2019s Cumbres, restaurantes en Cumbres, caf\u00e9s en Cumbres, cafeter\u00edas en Cumbres, Starbucks Cumbres, bares en Cumbres, vida nocturna en Cumbres, gimnasios en Cumbres, fitness en Cumbres, CrossFit Cumbres, pilates en Cumbres, yoga en Cumbres, parques en Cumbres, \u00e1reas verdes en Cumbres, recreaci\u00f3n en Cumbres, senderismo en Cumbres, caminatas en Cumbres, ciclismo en Cumbres, mascotas en Cumbres, veterinarias en Cumbres, transporte en Cumbres, vialidades en Cumbres, tr\u00e1fico en Cumbres, rutas de cami\u00f3n en Cumbres, transporte p\u00fablico Cumbres, taxis en Cumbres, Uber en Cumbres, clima en Cumbres, lluvias en Cumbres, calor en Cumbres, fr\u00edo en Cumbres, invierno en Cumbres, verano en Cumbres, primavera en Cumbres, calidad de vida en Cumbres, urbanismo en Cumbres, desarrollo urbano en Cumbres, fraccionamientos privados en Cumbres, seguridad en Cumbres, patrullaje en Cumbres, vigilancia en Cumbres, casetas de seguridad Cumbres, acceso controlado en Cumbres, alumbrado en Cumbres, calles en Cumbres, avenidas principales Cumbres, Paseo de los Leones, Rangel Fr\u00edas, Alejandro de Rodas, Puerta de Hierro, Pedro Infante, Lincoln, Ruiz Cortines, avenidas secundarias en Cumbres, Santa Catarina Cumbres, Garc\u00eda Nuevo Le\u00f3n Cumbres, l\u00edmites de Cumbres, expansi\u00f3n de Cumbres, crecimiento inmobiliario en Cumbres, oferta educativa en Cumbres, preescolares en Cumbres, primarias en Cumbres, secundarias en Cumbres, preparatorias en Cumbres, UDEM Cumbres, Tec Milenio Cumbres, facultades en Cumbres, transporte escolar en Cumbres, recreaci\u00f3n infantil en Cumbres, parques infantiles en Cumbres, guarder\u00edas en Cumbres, ludotecas en Cumbres, academias de arte en Cumbres, academias de m\u00fasica en Cumbres, academias de danza en Cumbres, academias de deporte en Cumbres, ligas deportivas en Cumbres, f\u00fatbol en Cumbres, canchas en Cumbres, deportes en Cumbres, tenis en Cumbres, nataci\u00f3n en Cumbres, golf en Cumbres, golfito en Cumbres, boliche en Cumbres, centros de entretenimiento en Cumbres, cine en Cumbres, Cin\u00e9polis Cumbres, Cinemex Cumbres, plaza comercial en Cumbres, Plaza Cumbres, Plaza 404, Plaza Via Puerta de Hierro, Plaza Las Puentes, Plaza Nativa, Plaza Aurea, Plaza Q\u00fabika, Plaza Esfera Cumbres, Plaza Cordillera, Plaza Cumbres Elite, Plaza Madeira, locales comerciales en Cumbres, oficinas en Cumbres, coworking en Cumbres, negocios en Cumbres, emprendimiento en Cumbres, oportunidades de empleo en Cumbres, industrias en Cumbres, comercio en Cumbres, emprendedores en Cumbres, ferreter\u00edas en Cumbres, tiendas de conveniencia en Cumbres, Oxxo en Cumbres, 7-Eleven en Cumbres, gasolineras en Cumbres, estaciones de servicio en Cumbres, movilidad en Cumbres, ciclov\u00edas en Cumbres, contaminaci\u00f3n en Cumbres, calidad del aire en Cumbres, sustentabilidad en Cumbres, reciclaje en Cumbres, ecolog\u00eda en Cumbres, espacios verdes en Cumbres, parques naturales en Cumbres, paseos en familia en Cumbres, picnic en Cumbres, comida r\u00e1pida en Cumbres, McDonald&#8217;s Cumbres, Burger King Cumbres, KFC Cumbres, Little Caesars Cumbres, Domino&#8217;s Cumbres, sushi en Cumbres, comida italiana en Cumbres, tacos en Cumbres, mariscos en Cumbres, asadores en Cumbres, carnes asadas en Cumbres, eventos en Cumbres, festividades en Cumbres, Halloween en Cumbres, Navidad en Cumbres, A\u00f1o Nuevo en Cumbres, D\u00eda del Ni\u00f1o en Cumbres, D\u00eda de las Madres en Cumbres, D\u00eda del Padre en Cumbres, Semana Santa en Cumbres, Pascua en Cumbres, ofrendas en Cumbres, D\u00eda de Muertos en Cumbres, centros religiosos en Cumbres, iglesias en Cumbres, templos en Cumbres, espiritualidad en Cumbres, retiros espirituales en Cumbres, comunidades en Cumbres, vecinos de Cumbres, foros de Cumbres, redes vecinales en Cumbres, asociaciones en Cumbres, historia de Cumbres, cultura en Cumbres, tradiciones en Cumbres, turismo en Cumbres, visitantes en Cumbres, casas de campo en Cumbres, estancias en Cumbres, rentas vacacionales en Cumbres, eventos sociales en Cumbres, salones de eventos en Cumbres, bodas en Cumbres, XV a\u00f1os en Cumbres, fiestas en Cumbres, fincas en Cumbres, jardines de eventos en Cumbres, fotograf\u00eda en Cumbres, estudios fotogr\u00e1ficos en Cumbres, producci\u00f3n audiovisual en Cumbres, dise\u00f1o en Cumbres, moda en Cumbres, belleza en Cumbres, spas en Cumbres, barber\u00edas en Cumbres, est\u00e9tica en Cumbres, cuidado personal en Cumbres.<\/p>\n","protected":false},"excerpt":{"rendered":"<p>Cumbres, Cumbres Nuevo Le\u00f3n, Monterrey, Nuevo Le\u00f3n, zona Cumbres, colonia Cumbres, sector Cumbres, fraccionamiento Cumbres, Cumbres Elite, Cumbres Elite Premier, Cumbres Oro, Cumbres Platino, Cumbres 1er sector, Cumbres 2do sector, Cumbres 3er sector, Cumbres 4to sector, Cumbres 5to sector, Cumbres 6to sector, Cumbres 7mo sector, Cumbres Allegro, Cumbres Madeira, Cumbres Andara, Cumbres Providencia, Cumbres San [&hellip;]<\/p>\n","protected":false},"author":1,"featured_media":0,"parent":0,"menu_order":0,"comment_status":"closed","ping_status":"closed","template":"","meta":{"footnotes":""},"class_list":["post-74","page","type-page","status-publish","hentry"],"jetpack_sharing_enabled":true,"_links":{"self":[{"href":"https:\/\/fifimex.cc\/index.php\/wp-json\/wp\/v2\/pages\/74","targetHints":{"allow":["GET"]}}],"collection":[{"href":"https:\/\/fifimex.cc\/index.php\/wp-json\/wp\/v2\/pages"}],"about":[{"href":"https:\/\/fifimex.cc\/index.php\/wp-json\/wp\/v2\/types\/page"}],"author":[{"embeddable":true,"href":"https:\/\/fifimex.cc\/index.php\/wp-json\/wp\/v2\/users\/1"}],"replies":[{"embeddable":true,"href":"https:\/\/fifimex.cc\/index.php\/wp-json\/wp\/v2\/comments?post=74"}],"version-history":[{"count":0,"href":"https:\/\/fifimex.cc\/index.php\/wp-json\/wp\/v2\/pages\/74\/revisions"}],"wp:attachment":[{"href":"https:\/\/fifimex.cc\/index.php\/wp-json\/wp\/v2\/media?parent=74"}],"curies":[{"name":"wp","href":"https:\/\/api.w.org\/{rel}","templated":true}]}}